{"id":1577,"date":"2021-05-26T06:40:59","date_gmt":"2021-05-26T06:40:59","guid":{"rendered":"http:\/\/www.socialnesrdcom.sk\/?page_id=1577"},"modified":"2024-01-30T13:17:13","modified_gmt":"2024-01-30T11:17:13","slug":"odlahcovacia-sluzba-v-css-kezmarok","status":"publish","type":"page","link":"https:\/\/www.socialnesrdcom.sk\/?page_id=1577","title":{"rendered":"Od\u013eah\u010dovacia slu\u017eba v CSS Ke\u017emarok"},"content":{"rendered":"<section class=\"kc-elm kc-css-846786 kc_row\"><div class=\"kc-row-container  kc-container\"><div class=\"kc-wrap-columns\"><div class=\"kc-elm kc-css-83850 kc_col-sm-12 kc_column kc_col-sm-12\"><div class=\"kc-col-container\"><div class=\"widget widget_bookingwidget kc-elm kc-css-276796\"><h2 class=\"widgettitle\">Rezerv\u00e1cie<\/h2><div class='widget_wpdev_booking wpdevelop months_num_in_row_1'> <div id=\"form_id426572187120\" class=\"wpbc_container wpbc_form wpbc_container_booking_form \"><form id=\"booking_form1\" class=\"booking_form vertical\" method=\"post\" action=\"\"><div id=\"ajax_respond_insert1\" class=\"ajax_respond_insert\" style=\"display:none;\"><\/div><a name=\"bklnk1\" id=\"bklnk1\"><\/a><div id=\"booking_form_div1\" class=\"booking_form_div\"><style type=\"text\/css\">.wpbc_container_booking_form .block_hints, .wpbc_booking_form_simple.wpbc_form_center .wpbc__form__div .wpbc__row.wpbc_r_calendar,  .wpbc_booking_form_simple .wpbc__form__div .wpbc__row:not(.wpbc_r_calendar){max-width:440px;} <\/style>\n<div class=\"wpbc_booking_form_simple \">\n    <div class=\"wpbc__form__div\">\n\t<div class=\"wpbc_r_calendar wpbc__row\">\n      <div class=\"wpbc_r_calendar wpbc__field\"> <div class=\"wpbc_calendar_wraper wpbc_change_over_triangle wpbc_calendar_skin_legacy\"><div class=\"wpbc_cal_container bk_calendar_frame wpbc_no_custom_width  months_num_in_row_ cal_month_num_3 wpbc_timeslot_day_bg_as_available\" style=\"\"><div id=\"calendar_booking1\"  class=\"wpbc_calendar_id_1\">\t<div class=\"calendar_loader_frame calendar_loader_frame1\"\r\n\t\tdata-wpbc-rid=\"1\"\r\n\t\tdata-wpbc-grace=\"8000\"\r\n\t\tstyle=\"--wpbc-loader-cols: 3;\">\r\n\t\t<div class=\"calendar_loader_text\">Loading...<\/div>\r\n\t\t<div class=\"calendar_loader_frame__progress_line_container\">\r\n\t\t\t<div class=\"calendar_loader_frame__progress_line\"><\/div>\r\n\t\t<\/div>\r\n\t<\/div>\r\n\t<\/div><\/div><div style=\"font-size:7px;text-align:left;margin:0 0 10px;text-shadow: none;\">Powered by <a href=\"https:\/\/wpbookingcalendar.com\" style=\"font-size:7px;\" target=\"_blank\" title=\"Booking Calendar plugin for WordPress\">Booking Calendar<\/a><\/div><textarea id=\"date_booking1\" name=\"date_booking1\" autocomplete=\"off\" style=\"display:none;\"><\/textarea><\/div><\/div>\n\t<\/div>\n\t<div class=\"wpbc__row\">\n      <div class=\"wpbc_r_name wpbc__field\">  <label for=\"name1\">Meno*<\/label><br \/>   <input type=\"text\" name=\"name1\" id=\"name1\" class=\"input-xlarge wpdev-validates-as-required\" \/><\/div>\n\t<\/div>\n\t<div class=\"wpbc__row\">\n      <div class=\"wpbc_r_email wpbc__field\">  <label for=\"email1\">Email*<\/label><br \/>   <input type=\"email\" name=\"email1\" id=\"email1\" class=\"input-xlarge wpdev-validates-as-email wpdev-validates-as-required wpdev-validates-as-required\" \/><\/div>\n\t<\/div>\n\t<div class=\"wpbc__row\">\n      <div class=\"wpbc_r_phone wpbc__field\">  <label for=\"phone1\">Telef\u00f3n*<\/label><br \/>   <input type=\"text\" name=\"phone1\" id=\"phone1\" class=\"input-xlarge wpdev-validates-as-required\" \/><\/div>\n\t<\/div>\n\t<div class=\"wpbc__row\">\n      <div class=\"wpbc_r_captcha wpbc__field\"> <\/div>\n\t<\/div>\n\t<div class=\"wpbc__row\">\n      <div class=\"wpbc_r_submit wpbc__field\"> <button class=\"wpbc_button_light\" type=\"button\" onclick=\"wpbc_booking_form_submit(this.form,1,'sk_SK');\">Odosla\u0165<\/button>\n<\/div>\n\t<\/div>\n    <\/div>\n<\/div><input id=\"bk_type1\" name=\"bk_type1\" class=\"\" type=\"hidden\" value=\"1\" \/><\/div><div id=\"submiting1\"><\/div><div class=\"form_bk_messages\" id=\"form_bk_messages1\"><\/div><input type=\"hidden\" id=\"wpbc_nonceCALCULATE_THE_COST1\" name=\"wpbc_nonceCALCULATE_THE_COST1\" value=\"538a4253c3\" \/><input type=\"hidden\" name=\"_wp_http_referer\" value=\"\/index.php?rest_route=%2Fwp%2Fv2%2Fpages%2F1577\" \/><\/form><\/div><div id=\"booking_form_garbage1\" class=\"booking_form_garbage\"><\/div>\n<script id=\"wpbc-inline-js-wpbc-dup-calendar-warn-1\" type=\"text\/javascript\">\n(function() { var a = setInterval( function() {  if ( ( 'undefined' === typeof _wpbc ) || ( 'undefined' === typeof jQuery ) || ! window.jQuery ) { return; } clearInterval( a ); jQuery( document ).ready( function (){\njQuery(\".widget_wpdev_booking .booking_form.form-horizontal\").removeClass(\"form-horizontal\");\nvar calendars__on_this_page_list = _wpbc.get_other_param(\"calendars__on_this_page\") || [];\nvar visible_calendars_count = calendars__on_this_page_list.length;\nif (visible_calendars_count !== null) {\n  for (var i=0; i<visible_calendars_count; i++) {\n    if (_wpbc.get_other_param(\"calendars__on_this_page\")[i] === 1) {\n      console.log(\"%c%s\", \"color: #e77; font-weight:bold\", \"Warning! The booking calendar for this resource with the ID = 1 is already on the page. Find more details here: https:\\\/\\\/wpbookingcalendar.com\\\/faq\\\/why-the-booking-calendar-widget-not-show-on-page\\\/\");\n    }\n  }\n  _wpbc.get_other_param(\"calendars__on_this_page\")[visible_calendars_count] = 1;\n};\n} ); }, 500 ); })();\n<\/script>\n <script type=\"text\/javascript\"> (function() { var a = setInterval( function() {  if ( ( 'undefined' === typeof _wpbc ) || ( 'undefined' === typeof jQuery ) || ! window.jQuery ) { return; } clearInterval( a ); jQuery( document ).ready( function (){ _wpbc.balancer__set_max_threads( 3 );  _wpbc.calendar__set_param_value( 1 , 'calendar_scroll_to' , false );  _wpbc.calendar__set_param_value( 1 , 'calendar_dates_start' , \"\" );  _wpbc.calendar__set_param_value( 1 , 'calendar_dates_end'   , \"\" );  _wpbc.calendar__set_param_value( 1 , 'booking_max_monthes_in_calendar' , \"1y\" );  _wpbc.calendar__set_param_value( 1 , 'booking_start_day_weeek' , \"0\" );  _wpbc.calendar__set_param_value( 1 , 'calendar_number_of_months' , \"3\" );  _wpbc.calendar__set_param_value( 1, 'days_select_mode', \"multiple\" );  _wpbc.calendar__set_param_value( 1, 'fixed__days_num', 0 );  _wpbc.calendar__set_param_value( 1, 'fixed__week_days__start',   [] );  _wpbc.calendar__set_param_value( 1, 'dynamic__days_min', 0 );  _wpbc.calendar__set_param_value( 1, 'dynamic__days_max', 0 );  _wpbc.calendar__set_param_value( 1, 'dynamic__days_specific',    [] );  _wpbc.calendar__set_param_value( 1, 'dynamic__week_days__start', [] );  _wpbc.calendar__set_param_value( 1, 'booking_date_format', \"F j, Y\" );  _wpbc.calendar__set_param_value( 1, 'booking_time_format', \"g:i a\" );  if ( 'function' === typeof ( wpbc__conditions__SAVE_INITIAL__days_selection_params__bm ) ) { wpbc__conditions__SAVE_INITIAL__days_selection_params__bm( 1 ); }  wpbc_calendar_show(\"1\");  _wpbc.set_secure_param('nonce', \"8d3ab77e5f\");  _wpbc.set_secure_param('user_id', \"0\");  _wpbc.set_secure_param('locale', \"sk_SK\");  wpbc_calendar__load_data__ajx({\"resource_id\":1,\"booking_hash\":\"\",\"request_uri\":\"\\\/index.php?rest_route=wpv2pages1577\",\"custom_form\":\"standard\",\"aggregate_resource_id_str\":\"\",\"aggregate_type\":\"all\"}); } ); }, 500 ); })();<\/script><\/div><\/div><\/div><\/div><\/div><\/div><\/section><section class=\"kc-elm kc-css-250882 kc_row\"><div class=\"kc-row-container  kc-container\"><div class=\"kc-wrap-columns\"><div class=\"kc-elm kc-css-706079 kc_col-sm-12 kc_column kc_col-sm-12\"><div class=\"kc-col-container\"><div class=\"kc-elm kc-css-493631 kc_text_block\"><p><strong>\u010co je od\u013eah\u010dovacia slu\u017eba?<\/strong><\/p>\n<p><!-- \/wp:post-content --><\/p>\n<p><!-- wp:paragraph --><\/p>\n<p>Je to soci\u00e1lna slu\u017eba poskytovan\u00e1 fyzickej osobe, ktor\u00e1 opatruje fyzick\u00fa osobu s\u00a0\u0165a\u017ek\u00fdm zdravotn\u00fdm postihnut\u00edm, ktorou sa poskytuje alebo zabezpe\u010duje fyzickej osobe s\u00a0\u0165a\u017ek\u00fdm zdravotn\u00fdm postihnut\u00edm soci\u00e1lna slu\u017eba po\u010das obdobia, v\u00a0ktorom fyzick\u00e1 osoba, ktor\u00e1 opatruje, nem\u00f4\u017ee opatrovanie vykon\u00e1va\u0165.<\/p>\n<p><!-- \/wp:paragraph --><\/p>\n<p><!-- wp:paragraph --><\/p>\n<p><strong>\u010co je cie\u013eom od\u013eah\u010dovacej slu\u017eby?<\/strong><\/p>\n<p><!-- \/wp:paragraph --><\/p>\n<p><!-- wp:paragraph --><\/p>\n<p>Cie\u013eom od\u013eah\u010dovacej slu\u017eby je umo\u017eni\u0165 fyzickej osobe, ktor\u00e1 opatruje, nevyhnutn\u00fd odpo\u010dinok na \u00fa\u010del udr\u017eania jej fyzick\u00e9ho \u00a0a\u00a0du\u0161evn\u00e9ho zdravia a\u00a0prevencie jeho zhor\u0161enia.<\/p>\n<p><!-- \/wp:paragraph --><\/p>\n<p><!-- wp:paragraph --><\/p>\n<p>T\u00e1to nov\u00e1 soci\u00e1lna slu\u017eba je poskytovan\u00e1 v\u00a0Domove soci\u00e1lnych slu\u017eieb v\u00a0 \u013dubici,\u00a0 Gen. Svobodu 139.<\/p>\n<p><!-- \/wp:paragraph --><\/p>\n<p><!-- wp:paragraph --><\/p>\n<p>Kapacita tejto slu\u017eby je stanoven\u00e1 pre 1 prij\u00edmate\u013ea soc. slu\u017eby (\u010falej len PSS), prednostne pre vlastn\u00fdch PSS z ambulantnej a\u00a0z t\u00fd\u017edennej pobytovej formy, ak m\u00e1 zariadenie k\u00a0dispoz\u00edcii vo\u013en\u00e9 l\u00f4\u017eko.<\/p>\n<p><!-- \/wp:paragraph --><\/p>\n<p><!-- wp:paragraph --><\/p>\n<p>\u017diados\u0165 sa pod\u00e1va na pr\u00edslu\u0161nom mestskom\/obecnom \u00farade pod\u013ea miesta trval\u00e9ho bydliska a\u00a0n\u00e1sledne sa uzatv\u00e1ra zmluva so \u017eiadate\u013eom o\u00a0poskytovan\u00ed od\u013eah\u010dovacej slu\u017eby.<\/p>\n<p><!-- \/wp:paragraph --><\/p>\n<p><!-- wp:paragraph --><\/p>\n<p><span style=\"font-size: 10.0pt; font-family: 'Verdana',sans-serif; color: #333333;\">Rezerv\u00e1ciu a\u00a0potrebn\u00e9 inform\u00e1cie o\u00a0poskytovan\u00ed tejto novej soci\u00e1lnej slu\u017eby dostanete u\u00a0ved\u00faceho soc. \u00faseku DSS \u013dubica:<\/span><\/p>\n<p><!-- \/wp:paragraph --><\/p>\n<p><!-- wp:paragraph --><\/p>\n<p><strong>Kontakt:<\/strong><\/p>\n<p><!-- \/wp:paragraph --><\/p>\n<p><!-- wp:paragraph --><\/p>\n<h2><strong>Ved\u00faci soc. \u00faseku<\/strong><strong> DSS \u013dubica: Mgr. Tom\u00e1\u0161 Faron<\/strong><\/h2>\n<p><!-- \/wp:paragraph --><\/p>\n<p><!-- wp:paragraph --><\/p>\n<p><strong>DSS \u013dubica, Gen. Svobodu 139<\/strong><\/p>\n<p><!-- \/wp:paragraph --><\/p>\n<p><!-- wp:paragraph --><\/p>\n<p><strong>lubica@csskk.sk<\/strong><\/p>\n<p><!-- \/wp:paragraph --><\/p>\n<p><!-- wp:paragraph --><\/p>\n<p><strong>0910 363 744<\/strong><\/p>\n<h2><strong>Ved\u00faci soc. \u00faseku DSS Ke\u017emarok: Mgr. Du\u0161an Mi\u0161t\u00edk<br \/><\/strong><\/h2>\n<p><!-- \/wp:paragraph --><\/p>\n<p><!-- wp:paragraph --><\/p>\n<p><strong>DSS Ke\u017emarok, Pod lesom 6, \u00a0060 01 Ke\u017emarok<\/strong><\/p>\n<p><!-- \/wp:paragraph --><\/p>\n<p><!-- wp:paragraph --><\/p>\n<p><strong>social@csskk.sk<\/strong><\/p>\n<p><!-- \/wp:paragraph --><\/p>\n<p><!-- wp:paragraph --><\/p>\n<p><strong>0910 902 172<\/strong><\/p>\n<p><!-- \/wp:paragraph --><\/p>\n<p><!-- wp:paragraph --><\/p>\n<p><!-- \/wp:paragraph --><\/p>\n<p><!-- wp:paragraph --><\/p>\n<p><!-- \/wp:paragraph --><\/p>\n<\/div><\/div><\/div><\/div><\/div><\/section>","protected":false},"excerpt":{"rendered":"","protected":false},"author":2,"featured_media":0,"parent":0,"menu_order":0,"comment_status":"closed","ping_status":"closed","template":"","meta":{"footnotes":""},"class_list":["post-1577","page","type-page","status-publish","hentry"],"_links":{"self":[{"href":"https:\/\/www.socialnesrdcom.sk\/index.php?rest_route=\/wp\/v2\/pages\/1577","targetHints":{"allow":["GET"]}}],"collection":[{"href":"https:\/\/www.socialnesrdcom.sk\/index.php?rest_route=\/wp\/v2\/pages"}],"about":[{"href":"https:\/\/www.socialnesrdcom.sk\/index.php?rest_route=\/wp\/v2\/types\/page"}],"author":[{"embeddable":true,"href":"https:\/\/www.socialnesrdcom.sk\/index.php?rest_route=\/wp\/v2\/users\/2"}],"replies":[{"embeddable":true,"href":"https:\/\/www.socialnesrdcom.sk\/index.php?rest_route=%2Fwp%2Fv2%2Fcomments&post=1577"}],"version-history":[{"count":35,"href":"https:\/\/www.socialnesrdcom.sk\/index.php?rest_route=\/wp\/v2\/pages\/1577\/revisions"}],"predecessor-version":[{"id":2693,"href":"https:\/\/www.socialnesrdcom.sk\/index.php?rest_route=\/wp\/v2\/pages\/1577\/revisions\/2693"}],"wp:attachment":[{"href":"https:\/\/www.socialnesrdcom.sk\/index.php?rest_route=%2Fwp%2Fv2%2Fmedia&parent=1577"}],"curies":[{"name":"wp","href":"https:\/\/api.w.org\/{rel}","templated":true}]}}

Odľahčovacia služba v CSS Kežmarok

<section class="kc-elm kc-css-846786 kc_row"><div class="kc-row-container  kc-container"><div class="kc-wrap-columns"><div class="kc-elm kc-css-83850 kc_col-sm-12 kc_column kc_col-sm-12"><div class="kc-col-container"><div class="widget widget_bookingwidget kc-elm kc-css-276796"><h2 class="widgettitle">Rezervácie</h2><div class='widget_wpdev_booking wpdevelop months_num_in_row_1'> <div id="form_id426572187120" class="wpbc_container wpbc_form wpbc_container_booking_form "><form id="booking_form1" class="booking_form vertical" method="post" action=""><div id="ajax_respond_insert1" class="ajax_respond_insert" style="display:none;"></div><a name="bklnk1" id="bklnk1"></a><div id="booking_form_div1" class="booking_form_div"><style type="text/css">.wpbc_container_booking_form .block_hints, .wpbc_booking_form_simple.wpbc_form_center .wpbc__form__div .wpbc__row.wpbc_r_calendar,  .wpbc_booking_form_simple .wpbc__form__div .wpbc__row:not(.wpbc_r_calendar){max-width:440px;} </style>
<div class="wpbc_booking_form_simple ">
    <div class="wpbc__form__div">
	<div class="wpbc_r_calendar wpbc__row">
      <div class="wpbc_r_calendar wpbc__field"> <div class="wpbc_calendar_wraper wpbc_change_over_triangle wpbc_calendar_skin_legacy"><div class="wpbc_cal_container bk_calendar_frame wpbc_no_custom_width  months_num_in_row_ cal_month_num_3 wpbc_timeslot_day_bg_as_available" style=""><div id="calendar_booking1"  class="wpbc_calendar_id_1">	<div class="calendar_loader_frame calendar_loader_frame1"
		data-wpbc-rid="1"
		data-wpbc-grace="8000"
		style="--wpbc-loader-cols: 3;">
		<div class="calendar_loader_text">Loading...</div>
		<div class="calendar_loader_frame__progress_line_container">
			<div class="calendar_loader_frame__progress_line"></div>
		</div>
	</div>
	</div></div><div style="font-size:7px;text-align:left;margin:0 0 10px;text-shadow: none;">Powered by <a href="https://wpbookingcalendar.com" style="font-size:7px;" target="_blank" title="Booking Calendar plugin for WordPress">Booking Calendar</a></div><textarea id="date_booking1" name="date_booking1" autocomplete="off" style="display:none;"></textarea></div></div>
	</div>
	<div class="wpbc__row">
      <div class="wpbc_r_name wpbc__field">  <label for="name1">Meno*</label><br />   <input type="text" name="name1" id="name1" class="input-xlarge wpdev-validates-as-required" /></div>
	</div>
	<div class="wpbc__row">
      <div class="wpbc_r_email wpbc__field">  <label for="email1">Email*</label><br />   <input type="email" name="email1" id="email1" class="input-xlarge wpdev-validates-as-email wpdev-validates-as-required wpdev-validates-as-required" /></div>
	</div>
	<div class="wpbc__row">
      <div class="wpbc_r_phone wpbc__field">  <label for="phone1">Telefón*</label><br />   <input type="text" name="phone1" id="phone1" class="input-xlarge wpdev-validates-as-required" /></div>
	</div>
	<div class="wpbc__row">
      <div class="wpbc_r_captcha wpbc__field"> </div>
	</div>
	<div class="wpbc__row">
      <div class="wpbc_r_submit wpbc__field"> <button class="wpbc_button_light" type="button" onclick="wpbc_booking_form_submit(this.form,1,'sk_SK');">Odoslať</button>
</div>
	</div>
    </div>
</div><input id="bk_type1" name="bk_type1" class="" type="hidden" value="1" /></div><div id="submiting1"></div><div class="form_bk_messages" id="form_bk_messages1"></div><input type="hidden" id="wpbc_nonceCALCULATE_THE_COST1" name="wpbc_nonceCALCULATE_THE_COST1" value="538a4253c3" /><input type="hidden" name="_wp_http_referer" value="/index.php?rest_route=%2Fwp%2Fv2%2Fpages%2F1577" /></form></div><div id="booking_form_garbage1" class="booking_form_garbage"></div>
<script id="wpbc-inline-js-wpbc-dup-calendar-warn-1" type="text/javascript">
(function() { var a = setInterval( function() {  if ( ( 'undefined' === typeof _wpbc ) || ( 'undefined' === typeof jQuery ) || ! window.jQuery ) { return; } clearInterval( a ); jQuery( document ).ready( function (){
jQuery(".widget_wpdev_booking .booking_form.form-horizontal").removeClass("form-horizontal");
var calendars__on_this_page_list = _wpbc.get_other_param("calendars__on_this_page") || [];
var visible_calendars_count = calendars__on_this_page_list.length;
if (visible_calendars_count !== null) {
  for (var i=0; i<visible_calendars_count; i++) {
    if (_wpbc.get_other_param("calendars__on_this_page")[i] === 1) {
      console.log("%c%s", "color: #e77; font-weight:bold", "Warning! The booking calendar for this resource with the ID = 1 is already on the page. Find more details here: https:\/\/wpbookingcalendar.com\/faq\/why-the-booking-calendar-widget-not-show-on-page\/");
    }
  }
  _wpbc.get_other_param("calendars__on_this_page")[visible_calendars_count] = 1;
};
} ); }, 500 ); })();
</script>
 <script type="text/javascript"> (function() { var a = setInterval( function() {  if ( ( 'undefined' === typeof _wpbc ) || ( 'undefined' === typeof jQuery ) || ! window.jQuery ) { return; } clearInterval( a ); jQuery( document ).ready( function (){ _wpbc.balancer__set_max_threads( 3 );  _wpbc.calendar__set_param_value( 1 , 'calendar_scroll_to' , false );  _wpbc.calendar__set_param_value( 1 , 'calendar_dates_start' , "" );  _wpbc.calendar__set_param_value( 1 , 'calendar_dates_end'   , "" );  _wpbc.calendar__set_param_value( 1 , 'booking_max_monthes_in_calendar' , "1y" );  _wpbc.calendar__set_param_value( 1 , 'booking_start_day_weeek' , "0" );  _wpbc.calendar__set_param_value( 1 , 'calendar_number_of_months' , "3" );  _wpbc.calendar__set_param_value( 1, 'days_select_mode', "multiple" );  _wpbc.calendar__set_param_value( 1, 'fixed__days_num', 0 );  _wpbc.calendar__set_param_value( 1, 'fixed__week_days__start',   [] );  _wpbc.calendar__set_param_value( 1, 'dynamic__days_min', 0 );  _wpbc.calendar__set_param_value( 1, 'dynamic__days_max', 0 );  _wpbc.calendar__set_param_value( 1, 'dynamic__days_specific',    [] );  _wpbc.calendar__set_param_value( 1, 'dynamic__week_days__start', [] );  _wpbc.calendar__set_param_value( 1, 'booking_date_format', "F j, Y" );  _wpbc.calendar__set_param_value( 1, 'booking_time_format', "g:i a" );  if ( 'function' === typeof ( wpbc__conditions__SAVE_INITIAL__days_selection_params__bm ) ) { wpbc__conditions__SAVE_INITIAL__days_selection_params__bm( 1 ); }  wpbc_calendar_show("1");  _wpbc.set_secure_param('nonce', "8d3ab77e5f");  _wpbc.set_secure_param('user_id', "0");  _wpbc.set_secure_param('locale', "sk_SK");  wpbc_calendar__load_data__ajx({"resource_id":1,"booking_hash":"","request_uri":"\/index.php?rest_route=wpv2pages1577","custom_form":"standard","aggregate_resource_id_str":"","aggregate_type":"all"}); } ); }, 500 ); })();</script></div></div></div></div></div></div></section><section class="kc-elm kc-css-250882 kc_row"><div class="kc-row-container  kc-container"><div class="kc-wrap-columns"><div class="kc-elm kc-css-706079 kc_col-sm-12 kc_column kc_col-sm-12"><div class="kc-col-container"><div class="kc-elm kc-css-493631 kc_text_block"><p><strong>Čo je odľahčovacia služba?</strong></p>
<p><!-- /wp:post-content --></p>
<p><!-- wp:paragraph --></p>
<p>Je to sociálna služba poskytovaná fyzickej osobe, ktorá opatruje fyzickú osobu s ťažkým zdravotným postihnutím, ktorou sa poskytuje alebo zabezpečuje fyzickej osobe s ťažkým zdravotným postihnutím sociálna služba počas obdobia, v ktorom fyzická osoba, ktorá opatruje, nemôže opatrovanie vykonávať.</p>
<p><!-- /wp:paragraph --></p>
<p><!-- wp:paragraph --></p>
<p><strong>Čo je cieľom odľahčovacej služby?</strong></p>
<p><!-- /wp:paragraph --></p>
<p><!-- wp:paragraph --></p>
<p>Cieľom odľahčovacej služby je umožniť fyzickej osobe, ktorá opatruje, nevyhnutný odpočinok na účel udržania jej fyzického  a duševného zdravia a prevencie jeho zhoršenia.</p>
<p><!-- /wp:paragraph --></p>
<p><!-- wp:paragraph --></p>
<p>Táto nová sociálna služba je poskytovaná v Domove sociálnych služieb v  Ľubici,  Gen. Svobodu 139.</p>
<p><!-- /wp:paragraph --></p>
<p><!-- wp:paragraph --></p>
<p>Kapacita tejto služby je stanovená pre 1 prijímateľa soc. služby (ďalej len PSS), prednostne pre vlastných PSS z ambulantnej a z týždennej pobytovej formy, ak má zariadenie k dispozícii voľné lôžko.</p>
<p><!-- /wp:paragraph --></p>
<p><!-- wp:paragraph --></p>
<p>Žiadosť sa podáva na príslušnom mestskom/obecnom úrade podľa miesta trvalého bydliska a následne sa uzatvára zmluva so žiadateľom o poskytovaní odľahčovacej služby.</p>
<p><!-- /wp:paragraph --></p>
<p><!-- wp:paragraph --></p>
<p><span style="font-size: 10.0pt; font-family: 'Verdana',sans-serif; color: #333333;">Rezerváciu a potrebné informácie o poskytovaní tejto novej sociálnej služby dostanete u vedúceho soc. úseku DSS Ľubica:</span></p>
<p><!-- /wp:paragraph --></p>
<p><!-- wp:paragraph --></p>
<p><strong>Kontakt:</strong></p>
<p><!-- /wp:paragraph --></p>
<p><!-- wp:paragraph --></p>
<h2><strong>Vedúci soc. úseku</strong><strong> DSS Ľubica: Mgr. Tomáš Faron</strong></h2>
<p><!-- /wp:paragraph --></p>
<p><!-- wp:paragraph --></p>
<p><strong>DSS Ľubica, Gen. Svobodu 139</strong></p>
<p><!-- /wp:paragraph --></p>
<p><!-- wp:paragraph --></p>
<p><strong>lubica@csskk.sk</strong></p>
<p><!-- /wp:paragraph --></p>
<p><!-- wp:paragraph --></p>
<p><strong>0910 363 744</strong></p>
<h2><strong>Vedúci soc. úseku DSS Kežmarok: Mgr. Dušan Mištík<br /></strong></h2>
<p><!-- /wp:paragraph --></p>
<p><!-- wp:paragraph --></p>
<p><strong>DSS Kežmarok, Pod lesom 6,  060 01 Kežmarok</strong></p>
<p><!-- /wp:paragraph --></p>
<p><!-- wp:paragraph --></p>
<p><strong>social@csskk.sk</strong></p>
<p><!-- /wp:paragraph --></p>
<p><!-- wp:paragraph --></p>
<p><strong>0910 902 172</strong></p>
<p><!-- /wp:paragraph --></p>
<p><!-- wp:paragraph --></p>
<p><!-- /wp:paragraph --></p>
<p><!-- wp:paragraph --></p>
<p><!-- /wp:paragraph --></p>
</div></div></div></div></div></section>
