{"id":218,"date":"2020-02-05T08:12:45","date_gmt":"2020-02-05T08:12:45","guid":{"rendered":"http:\/\/www.socialnesrdcom.sk\/?page_id=218"},"modified":"2020-02-05T08:21:57","modified_gmt":"2020-02-05T08:21:57","slug":"informacie-o-verejnom-obstaravani","status":"publish","type":"page","link":"https:\/\/www.socialnesrdcom.sk\/?page_id=218","title":{"rendered":"Inform\u00e1cie o verejnom obstar\u00e1van\u00ed"},"content":{"rendered":"<section class=\"kc-elm kc-css-530284 kc_row\"><div class=\"kc-row-container  kc-container\"><div class=\"kc-wrap-columns\"><div class=\"kc-elm kc-css-508573 kc_column kc_col-sm-12\"><div class=\"kc-col-container\"><div class=\"kc-elm kc-css-571250 kc_text_block\">\n<div id=\"imCell_48\">\n<div id=\"imCellStyle_48\" data-responsive-sequence-number=\"1\">\n<div id=\"imTextObject_48\">\n<div id=\"imTextObject_48_tab0\" class=\"text-tab-content\">\n<div class=\"text-inner\">\n<div><span class=\"fs16\"><b>Centrum soci\u00e1lnych slu\u017eieb Ke\u017emarok<\/b> (\u010falej len verejn\u00fd obstar\u00e1vate\u013e) je pod\u013ea \u00a7 7 ods. 1 p\u00edsm. d) z\u00e1kona \u010d. 343\/2015 Z. z. o verejnom obstar\u00e1van\u00ed a o zmene a doplnen\u00ed niektor\u00fdch z\u00e1konov v znen\u00ed neskor\u0161\u00edch predpisov verejn\u00fdm obstar\u00e1vate\u013eom, ktor\u00fd je povinn\u00fd pri zad\u00e1van\u00ed z\u00e1kaziek postupova\u0165 pod\u013ea pr\u00edslu\u0161n\u00fdch ustanoven\u00ed citovan\u00e9ho z\u00e1kona.<\/span><\/div>\n<div>\u00a0<\/div>\n<div><span class=\"fs16\"><b>Verejn\u00e9 obstar\u00e1vanie<\/b> predstavuje postupy, ktor\u00fdmi sa zad\u00e1vaj\u00fa z\u00e1kazky na dodanie tovaru, z\u00e1kazky na uskuto\u010d\u0148ovanie stavebn\u00fdch pr\u00e1c, z\u00e1kazky na poskytnutie slu\u017eieb, koncesia a s\u00fa\u0165a\u017e n\u00e1vrhov.<\/span><\/div>\n<div><span class=\"fs16\"><b>Z\u00e1kladn\u00fdmi princ\u00edpmi verejn\u00e9ho obstar\u00e1vania<\/b>, ktor\u00e9 verejn\u00fd obstar\u00e1vate\u013e uplat\u0148uje v ka\u017edej etape procesu verejn\u00e9ho obstar\u00e1vania s\u00fa: transparentnos\u0165, rovnak\u00e9 zaobch\u00e1dzanie a nediskrimin\u00e1cia uch\u00e1dza\u010dov alebo z\u00e1ujemcov, princ\u00edp proporcionality, hospod\u00e1rska s\u00fa\u0165a\u017e (konkurencia) pri dodr\u017eiavan\u00ed z\u00e1sad hospod\u00e1rnosti a efekt\u00edvnosti pri vynakladan\u00ed finan\u010dn\u00fdch prostriedkov.<\/span><\/div>\n<div><span class=\"fs16\"><b>Postupy verejn\u00e9ho obstar\u00e1vania<\/b> a finan\u010dn\u00e9 limity upravuje z\u00e1kon o verejnom obstar\u00e1van\u00ed. V z\u00e1vislosti od predpokladanej hodnoty z\u00e1kazky (finan\u010dn\u00e9ho limitu), je z\u00e1kazka:<\/span><\/div>\n<div>\n<ul type=\"disc\">\n<li><span class=\"fs16\">nadlimitn\u00e1,<\/span><\/li>\n<li><span class=\"fs16\">podlimitn\u00e1 z\u00e1kazka be\u017ene dostupn\u00fdch tovarov, slu\u017eieb a stavebn\u00fdch pr\u00e1c s vyu\u017eit\u00edm elektronick\u00e9ho trhoviska,<\/span><\/li>\n<li><span class=\"fs16\">podlimitn\u00e1 z\u00e1kazka nie be\u017ene dostupn\u00fdch tovarov a slu\u017eieb a stavebn\u00fdch pr\u00e1c bez vyu\u017eitia elektronick\u00e9ho trhoviska (postup pod\u013ea \u00a7 113 a\u017e 116),<\/span><\/li>\n<li><span class=\"fs16\">z\u00e1kazka s n\u00edzkou hodnotou tovarov, slu\u017eieb a stavebn\u00fdch pr\u00e1c be\u017ene dostupn\u00fdch,<\/span><\/li>\n<li><span class=\"fs16\">z\u00e1kazka s n\u00edzkou hodnotou nie be\u017ene dostupn\u00fdch tovarov, slu\u017eieb a stavebn\u00fdch pr\u00e1c.<\/span><\/li>\n<li><span class=\"fs16\">z\u00e1kazka s n\u00edzkou hodnotou osobitn\u00fdch slu\u017eieb uveden\u00fdch v pr\u00edlohe \u010d. 1 z\u00e1kona o verejnom obstar\u00e1van\u00ed,<\/span><\/li>\n<\/ul>\n<\/div>\n<div><span class=\"fs16\"><b>Profil verejn\u00e9ho obstar\u00e1vate\u013ea<\/b> je miesto na webovej str\u00e1nke \u00daradu pre verejn\u00e9 obstar\u00e1vanie (\u00daVO) \u2013 <a class=\"imCssLink\" href=\"https:\/\/www.uvo.gov.sk\/\">www.uvo.gov.sk<\/a>, na ktorej sa zverej\u0148uj\u00fa povinn\u00e9 a dobrovo\u013en\u00e9 inform\u00e1cie v zmysle z\u00e1kona o verejnom obstar\u00e1van\u00ed. Centrum soci\u00e1lnych slu\u017eieb Ke\u017emarok ako verejn\u00fd obstar\u00e1vate\u013e pod\u013ea \u00a7 7 ods. 1 p\u00eds. d) z\u00e1kona \u010d. 343\/2015 zriadil svoj profil na webovom s\u00eddle \u00daVO, v ktorom zverej\u0148uje v\u0161etky inform\u00e1cie a dokumenty v zmysle z\u00e1kona o verejnom obstar\u00e1van\u00ed.<\/span><\/div>\n<\/div>\n<\/div>\n<div id=\"imTextObject_48_tab0\" class=\"text-tab-content\">\n<div class=\"text-inner\">\n<div>\n<ul type=\"disc\">\n<li><span class=\"fs16\">Detail profilu verejn\u00e9ho obstar\u00e1vate\u013ea CSS Ke\u017emarok<\/span><\/li>\n<li><span class=\"fs16\"><a class=\"imCssLink\" href=\"https:\/\/www.uvo.gov.sk\/vyhladavanie-profilov\/detail\/2061\">https:\/\/www.uvo.gov.sk\/vyhladavanie-profilov\/detail\/2061<\/a><\/span>\u00a0<\/li>\n<\/ul>\n<\/div>\n<div>\n<ul type=\"disc\">\n<li><span class=\"fs16\">Z\u00e1kazky CSS Ke\u017emarok<\/span><\/li>\n<li><span class=\"fs16\"><a class=\"imCssLink\" href=\"https:\/\/www.uvo.gov.sk\/vyhladavanie-profilov\/detail\/2061\">https:\/\/www.uvo.gov.sk\/vyhladavanie-profilov\/detail\/2061<\/a><\/span><\/li>\n<\/ul>\n<\/div>\n<div>\n<ul type=\"disc\">\n<li><span class=\"fs16\">V\u0161eobecn\u00e9 dokumenty (s\u00fahrnn\u00e9 spr\u00e1vy a spr\u00e1vy o z\u00e1kazk\u00e1ch z elektronick\u00e9ho trhoviska),<\/span><\/li>\n<li><span class=\"fs16\"><a class=\"imCssLink\" href=\"https:\/\/www.uvo.gov.sk\/vyhladavanie-profilov\/detail\/2061\">https:\/\/www.uvo.gov.sk\/vyhladavanie-profilov\/detail\/2061<\/a><\/span><\/li>\n<\/ul>\n<\/div>\n<div>\n<ul type=\"disc\">\n<li><span class=\"fs16\">Referencie \u2013 identifika\u010dn\u00e9 \u00fadaje obstar\u00e1vate\u013ea, identifik\u00e1cia plnenia, kvalita plnenia a hodnotiaca zn\u00e1mka<\/span><\/li>\n<li><span class=\"fs16\"><a class=\"imCssLink\" href=\"https:\/\/www.uvo.gov.sk\/vyhladavanie-profilov\/detail\/2061\">https:\/\/www.uvo.gov.sk\/vyhladavanie-profilov\/detail\/2061<\/a><\/span><\/li>\n<\/ul>\n<\/div>\n<\/div>\n<\/div>\n<\/div>\n<\/div>\n<\/div>\n<div><a href=\"http:\/\/www.socialnesrdcom.sk\/\">&lt; sp\u00e4\u0165<\/a><\/div>\n<\/div><\/div><\/div><\/div><\/div><\/section>\n","protected":false},"excerpt":{"rendered":"","protected":false},"author":2,"featured_media":0,"parent":0,"menu_order":0,"comment_status":"closed","ping_status":"closed","template":"","meta":{"footnotes":""},"class_list":["post-218","page","type-page","status-publish","hentry"],"_links":{"self":[{"href":"https:\/\/www.socialnesrdcom.sk\/index.php?rest_route=\/wp\/v2\/pages\/218","targetHints":{"allow":["GET"]}}],"collection":[{"href":"https:\/\/www.socialnesrdcom.sk\/index.php?rest_route=\/wp\/v2\/pages"}],"about":[{"href":"https:\/\/www.socialnesrdcom.sk\/index.php?rest_route=\/wp\/v2\/types\/page"}],"author":[{"embeddable":true,"href":"https:\/\/www.socialnesrdcom.sk\/index.php?rest_route=\/wp\/v2\/users\/2"}],"replies":[{"embeddable":true,"href":"https:\/\/www.socialnesrdcom.sk\/index.php?rest_route=%2Fwp%2Fv2%2Fcomments&post=218"}],"version-history":[{"count":4,"href":"https:\/\/www.socialnesrdcom.sk\/index.php?rest_route=\/wp\/v2\/pages\/218\/revisions"}],"predecessor-version":[{"id":224,"href":"https:\/\/www.socialnesrdcom.sk\/index.php?rest_route=\/wp\/v2\/pages\/218\/revisions\/224"}],"wp:attachment":[{"href":"https:\/\/www.socialnesrdcom.sk\/index.php?rest_route=%2Fwp%2Fv2%2Fmedia&parent=218"}],"curies":[{"name":"wp","href":"https:\/\/api.w.org\/{rel}","templated":true}]}}