{"id":28,"date":"2020-01-30T09:55:11","date_gmt":"2020-01-30T09:55:11","guid":{"rendered":"http:\/\/www.socialnesrdcom.sk\/?page_id=28"},"modified":"2026-04-08T10:15:59","modified_gmt":"2026-04-08T08:15:59","slug":"faktury","status":"publish","type":"page","link":"https:\/\/www.socialnesrdcom.sk\/?page_id=28","title":{"rendered":"Fakt\u00fary"},"content":{"rendered":"<p><section class=\"kc-elm kc-css-483718 kc_row\"><div class=\"kc-row-container  kc-container\"><div class=\"kc-wrap-columns\"><div class=\"kc-elm kc-css-310303 kc_col-sm-12 kc_column kc_col-sm-12\"><div class=\"kc-col-container\"><div data-open-on-mouseover=\"\" data-tab-active=\"1\" data-effect-option=\"\" class=\"kc-elm kc-css-138259 kc_tabs group\">\n\t<div class=\"kc_wrapper ui-tabs kc_clearfix\">\n\t\t<ul class=\"kc_tabs_nav ui-tabs-nav kc_clearfix\">\n\t\t\t<li><a href=\"#\" data-prevent=\"scroll\">2026<\/a><\/li><li><a href=\"#\" data-prevent=\"scroll\">2025<\/a><\/li><li><a href=\"#\" data-prevent=\"scroll\">2024<\/a><\/li><li><a href=\"#\" data-prevent=\"scroll\">2023<\/a><\/li><li><a href=\"#\" data-prevent=\"scroll\">2022<\/a><\/li><li><a href=\"#\" data-prevent=\"scroll\">2021<\/a><\/li><li><a href=\"#\" data-prevent=\"scroll\">2020<\/a><\/li><li><a href=\"#\" data-prevent=\"scroll\">2019<\/a><\/li>\t\t<\/ul>\n\t\t<div id=\"2026\" class=\"kc-elm kc-css-783956 kc_tab ui-tabs-panel kc_ui-tabs-hide kc_clearfix \"><div class=\"kc_tab_content\"><div class=\"kc-elm kc-css-432243 kc_text_block\"><\/div><\/div><\/div><\/div><\/div><\/div><\/div><\/div><\/div><\/section><\/p>\n<p><a href=\"https:\/\/www.socialnesrdcom.sk\/wp-content\/uploads\/2026\/02\/Faktury-Januar-2026.pdf\" target=\"_blank\" rel=\"noopener\">Fakt\u00fary Janu\u00e1r 2026.pdf<\/a><\/p>\n<p><a href=\"https:\/\/www.socialnesrdcom.sk\/wp-content\/uploads\/2026\/03\/Faktury-Februar-2026-2.pdf\" target=\"_blank\" rel=\"noopener\">Fakt\u00fary Febru\u00e1r 2026.pdf<\/a><\/p>\n<p><a href=\"https:\/\/www.socialnesrdcom.sk\/wp-content\/uploads\/2026\/04\/Faktury-Marec-zalohove-2.pdf\" target=\"_blank\" rel=\"noopener\">Fakt\u00fary Marec 2026 &#8211; z\u00e1lohov\u00e9.pdf<\/a><\/p>\n<p><a href=\"https:\/\/www.socialnesrdcom.sk\/wp-content\/uploads\/2026\/04\/Faktury-Marec-1.pdf\" target=\"_blank\" rel=\"noopener\">Fakt\u00fary Marec 2026.pdf<\/a><\/p>\n<p>\n<div id=\"2025\" class=\"kc-elm kc-css-411556 kc_tab ui-tabs-panel kc_ui-tabs-hide kc_clearfix \"><div class=\"kc_tab_content\"><div class=\"kc-elm kc-css-133269 kc_text_block\"><\/div><\/div><\/div><\/p>\n<p><a href=\"http:\/\/www.socialnesrdcom.sk\/wp-content\/uploads\/2025\/01\/FA-4_47-2025.pdf\" target=\"_blank\" rel=\"noopener\">Fakt\u00fary 4-47\/2025.pdf<\/a><\/p>\n<p><a href=\"https:\/\/www.socialnesrdcom.sk\/wp-content\/uploads\/2025\/08\/FA-048_360-2025.pdf\" target=\"_blank\" rel=\"noopener\">Fakt\u00fary 48-360\/2025.pdf<\/a><\/p>\n<p><a href=\"https:\/\/www.socialnesrdcom.sk\/wp-content\/uploads\/2026\/01\/FA-361_546-2025.pdf\" target=\"_blank\" rel=\"noopener\">Fakt\u00fary 361-546\/2025.pdf<\/a><\/p>\n<p>\n<div id=\"2024\" class=\"kc-elm kc-css-45577 kc_tab ui-tabs-panel kc_ui-tabs-hide kc_clearfix \"><div class=\"kc_tab_content\"><div class=\"kc-elm kc-css-860873 kc_text_block\"><\/div><\/div><\/div><\/p>\n<p><a href=\"http:\/\/www.socialnesrdcom.sk\/wp-content\/uploads\/2024\/05\/FA-001_192-2024.pdf\">Fakt\u00fary 1-192\/2024.pdf<\/a><\/p>\n<p><a href=\"http:\/\/www.socialnesrdcom.sk\/wp-content\/uploads\/2024\/09\/fa-193_385-2024.pdf\">Fakt\u00fary 193-385\/2024.pdf<\/a><\/p>\n<p><a href=\"http:\/\/www.socialnesrdcom.sk\/wp-content\/uploads\/2025\/01\/FA-386-2024-25-2025.pdf\" target=\"_blank\" rel=\"noopener\">Fakt\u00fary 386\/2024 25\/2025.pdf<\/a><\/p>\n<p>\n<div id=\"2023\" class=\"kc-elm kc-css-245198 kc_tab ui-tabs-panel kc_ui-tabs-hide kc_clearfix \"><div class=\"kc_tab_content\"><div class=\"kc-elm kc-css-560020 kc_text_block\"><\/div><\/div><\/div><\/p>\n<p>\n<a href=\"http:\/\/www.socialnesrdcom.sk\/wp-content\/uploads\/2023\/06\/FA-1-23-237-23.pdf\" target=\"_blank\" rel=\"noopener\">Fakt\u00fary 1\/2023 &#8211; 237\/2023.pdf<\/a><\/p>\n<p><a href=\"http:\/\/www.socialnesrdcom.sk\/wp-content\/uploads\/2023\/07\/FA-239-23-275-23.pdf\" target=\"_blank\" rel=\"noopener\">Fakt\u00fary 239\/2023 275\/2023.pdf<\/a><\/p>\n<p><a href=\"http:\/\/www.socialnesrdcom.sk\/wp-content\/uploads\/2024\/01\/FA-276-536-2023.pdf\" target=\"_blank\" rel=\"noopener\">Fakt\u00fary 276\/2023 536\/2023.pdf<\/a><\/p>\n<p>\n<div id=\"2022\" class=\"kc-elm kc-css-588657 kc_tab ui-tabs-panel kc_ui-tabs-hide kc_clearfix \"><div class=\"kc_tab_content\"><div class=\"kc-elm kc-css-685138 kc_text_block\"><\/div><\/div><\/div><\/p>\n<p>\n<a href=\"http:\/\/www.socialnesrdcom.sk\/wp-content\/uploads\/2022\/04\/FAKTURY-517_21-108_22.pdf\" target=\"_blank\" rel=\"noopener\">Fakt\u00fary 517\/2021 &#8211; 108\/2022.pdf<\/a><\/p>\n<p><a href=\"http:\/\/www.socialnesrdcom.sk\/wp-content\/uploads\/2022\/08\/FAKTURY-109-22-246_22.pdf\" target=\"_blank\" rel=\"noopener\">Fakt\u00fary 109\/2022 &#8211; 246\/2022.pdf<\/a><\/p>\n<p><a href=\"http:\/\/www.socialnesrdcom.sk\/wp-content\/uploads\/2022\/10\/FAKTURY-247_333_22.pdf\" target=\"_blank\" rel=\"noopener\">Fakt\u00fary 247\/2022 &#8211; 333\/2022.pdf<\/a><\/p>\n<p><a href=\"http:\/\/www.socialnesrdcom.sk\/wp-content\/uploads\/2023\/01\/FAKTURY-334-22-432_22.pdf\" target=\"_blank\" rel=\"noopener\">Fakt\u00fary 334\/2022 &#8211; 432\/2022.pdf<\/a><\/p>\n<p><a href=\"http:\/\/www.socialnesrdcom.sk\/wp-content\/uploads\/2023\/06\/FA-458-22-465-22.pdf\" target=\"_blank\" rel=\"noopener\">Fakt\u00fary 458\/2022 &#8211; 465\/2022.pdf<\/a><\/p>\n<p>\n<div id=\"2021\" class=\"kc-elm kc-css-631002 kc_tab ui-tabs-panel kc_ui-tabs-hide kc_clearfix \"><div class=\"kc_tab_content\"><div class=\"kc-elm kc-css-613293 kc_text_block\"><\/div><\/div><\/div><\/p>\n<p>\n<a href=\"http:\/\/www.socialnesrdcom.sk\/wp-content\/uploads\/2021\/04\/FA2021_1_481.pdf\">Fakt\u00fary 01\/2021 &#8211; 481\/2021.pdf<\/a><\/p>\n<p><a href=\"http:\/\/www.socialnesrdcom.sk\/wp-content\/uploads\/2021\/07\/FA2021_117_260.pdf\" target=\"_blank\" rel=\"noopener\">Fakt\u00fary 117\/2021 &#8211; 260\/2021.pdf<\/a><\/p>\n<p><a href=\"http:\/\/www.socialnesrdcom.sk\/wp-content\/uploads\/2021\/10\/FA2021_261_362.pdf\" target=\"_blank\" rel=\"noopener\">Fakt\u00fary 261\/2021 &#8211; 362\/2021.pdf<\/a><\/p>\n<p><a href=\"http:\/\/www.socialnesrdcom.sk\/wp-content\/uploads\/2022\/01\/FA2021_363_516.pdf\" target=\"_blank\" rel=\"noopener\">Fakt\u00fary 363\/2021 &#8211; 516\/2021.pdf<\/a><\/p>\n<p>\n<div id=\"2020\" class=\"kc-elm kc-css-437800 kc_tab ui-tabs-panel kc_ui-tabs-hide kc_clearfix \"><div class=\"kc_tab_content\"><div class=\"kc-elm kc-css-390888 kc_text_block\"><\/div><\/div><\/div><\/p>\n<p>\n<a href=\"http:\/\/www.socialnesrdcom.sk\/wp-content\/uploads\/2020\/02\/fakt\u00fary-497-2019-43-2020.pdf\">Fakt\u00fary 497\/2019 &#8211; 43\/2020.pdf<\/a><\/p>\n<p><a href=\"http:\/\/www.socialnesrdcom.sk\/wp-content\/uploads\/2020\/04\/fakt\u00fary-44-119.pdf\" target=\"_blank\" rel=\"noopener\">Fakt\u00fary 44\/2020 &#8211; 119\/2020.pdf<\/a><\/p>\n<p><a href=\"http:\/\/www.socialnesrdcom.sk\/wp-content\/uploads\/2020\/07\/fakt\u00fary2020-pd-120-227.pdf\" target=\"_blank\" rel=\"noopener\">Fakt\u00fary 120\/2020 &#8211; 227\/2020.pdf<\/a><\/p>\n<p><a href=\"http:\/\/www.socialnesrdcom.sk\/wp-content\/uploads\/2020\/10\/faktury2020-228-358.pdf\" target=\"_blank\" rel=\"noopener\">Fakt\u00fary 228\/2020 &#8211; 358\/2020.pdf<\/a><\/p>\n<p><a href=\"http:\/\/www.socialnesrdcom.sk\/wp-content\/uploads\/2021\/04\/faktury2020od359-476.pdf\" target=\"_blank\" rel=\"noopener\">Fakt\u00fary 359\/2020 &#8211; 476\/2020.pdf<\/a><\/p>\n<p>\n<div id=\"2019\" class=\"kc-elm kc-css-846979 kc_tab ui-tabs-panel kc_ui-tabs-hide kc_clearfix \"><div class=\"kc_tab_content\"><div class=\"kc-elm kc-css-321050 kc_text_block\"><\/div><\/div><\/div><\/p>\n<p>\n<a href=\"http:\/\/www.socialnesrdcom.sk\/wp-content\/uploads\/2020\/02\/fa2019-1.pdf\" target=\"_blank\" rel=\"noopener noreferrer\">Fakt\u00fary 2019 (1-32).pdf<\/a><\/p>\n<p><a href=\"http:\/\/www.socialnesrdcom.sk\/wp-content\/uploads\/2020\/02\/fa2019-2.pdf\" target=\"_blank\" rel=\"noopener noreferrer\">Fakt\u00fary 2019 (33-61).pdf<\/a><\/p>\n<p><a href=\"http:\/\/www.socialnesrdcom.sk\/wp-content\/uploads\/2020\/02\/fa2019-3.pdf\" target=\"_blank\" rel=\"noopener noreferrer\">Fakt\u00fary 2019 (62-98).pdf<\/a><\/p>\n<p><a href=\"http:\/\/www.socialnesrdcom.sk\/wp-content\/uploads\/2020\/02\/fa2019-4.pdf\" target=\"_blank\" rel=\"noopener noreferrer\">Fakt\u00fary 2019 (99-103).pdf<\/a><\/p>\n<p>\n\t\n\n\n\n<section class=\"kc-elm kc-css-620997 kc_row\"><div class=\"kc-row-container  kc-container\"><div class=\"kc-wrap-columns\"><div class=\"kc-elm kc-css-477773 kc_column kc_col-sm-12\"><div class=\"kc-col-container\"><\/div><\/div><\/div><\/div><\/section><\/p>\n","protected":false},"excerpt":{"rendered":"","protected":false},"author":2,"featured_media":0,"parent":0,"menu_order":0,"comment_status":"closed","ping_status":"closed","template":"","meta":{"footnotes":""},"class_list":["post-28","page","type-page","status-publish","hentry"],"_links":{"self":[{"href":"https:\/\/www.socialnesrdcom.sk\/index.php?rest_route=\/wp\/v2\/pages\/28","targetHints":{"allow":["GET"]}}],"collection":[{"href":"https:\/\/www.socialnesrdcom.sk\/index.php?rest_route=\/wp\/v2\/pages"}],"about":[{"href":"https:\/\/www.socialnesrdcom.sk\/index.php?rest_route=\/wp\/v2\/types\/page"}],"author":[{"embeddable":true,"href":"https:\/\/www.socialnesrdcom.sk\/index.php?rest_route=\/wp\/v2\/users\/2"}],"replies":[{"embeddable":true,"href":"https:\/\/www.socialnesrdcom.sk\/index.php?rest_route=%2Fwp%2Fv2%2Fcomments&post=28"}],"version-history":[{"count":62,"href":"https:\/\/www.socialnesrdcom.sk\/index.php?rest_route=\/wp\/v2\/pages\/28\/revisions"}],"predecessor-version":[{"id":5646,"href":"https:\/\/www.socialnesrdcom.sk\/index.php?rest_route=\/wp\/v2\/pages\/28\/revisions\/5646"}],"wp:attachment":[{"href":"https:\/\/www.socialnesrdcom.sk\/index.php?rest_route=%2Fwp%2Fv2%2Fmedia&parent=28"}],"curies":[{"name":"wp","href":"https:\/\/api.w.org\/{rel}","templated":true}]}}