{"id":4239,"date":"2025-04-14T13:13:23","date_gmt":"2025-04-14T11:13:23","guid":{"rendered":"https:\/\/www.socialnesrdcom.sk\/?page_id=4239"},"modified":"2025-04-14T13:22:42","modified_gmt":"2025-04-14T11:22:42","slug":"vyhlasenia-o-pristupnosti","status":"publish","type":"page","link":"https:\/\/www.socialnesrdcom.sk\/?page_id=4239","title":{"rendered":"Vyhl\u00e1senie o pr\u00edstupnosti"},"content":{"rendered":"<section class=\"kc-elm kc-css-154807 kc_row\"><div class=\"kc-row-container  kc-container\"><div class=\"kc-wrap-columns\"><div class=\"kc-elm kc-css-497383 kc_column kc_col-sm-12\"><div class=\"kc-col-container\"><div class=\"kc-elm kc-css-994270 kc_text_block\">\n<p><a href=\"https:\/\/www.socialnesrdcom.sk\/wp-content\/uploads\/2025\/04\/Vyhlasenie-o-pristupnosti-84.-CSS-Kezmarok.docx\" target=\"_blank\" rel=\"noopener\">Vyhl\u00e1senie o pr\u00edstupnosti &#8211; 84. CSS Ke\u017emarok.docx<\/a><\/p>\n<p><a href=\"https:\/\/www.socialnesrdcom.sk\/wp-content\/uploads\/2025\/04\/Vyhlasenie-o-pristupnosti-84.-CSS-Kezmarok.pdf\" target=\"_blank\" rel=\"noopener\">Vyhl\u00e1senie o pr\u00edstupnosti &#8211; 84. CSS Ke\u017emarok.pdf<\/a><\/p>\n<\/div><\/div><\/div><\/div><\/div><\/section>\n","protected":false},"excerpt":{"rendered":"","protected":false},"author":2,"featured_media":0,"parent":0,"menu_order":0,"comment_status":"closed","ping_status":"closed","template":"","meta":{"footnotes":""},"class_list":["post-4239","page","type-page","status-publish","hentry"],"_links":{"self":[{"href":"https:\/\/www.socialnesrdcom.sk\/index.php?rest_route=\/wp\/v2\/pages\/4239","targetHints":{"allow":["GET"]}}],"collection":[{"href":"https:\/\/www.socialnesrdcom.sk\/index.php?rest_route=\/wp\/v2\/pages"}],"about":[{"href":"https:\/\/www.socialnesrdcom.sk\/index.php?rest_route=\/wp\/v2\/types\/page"}],"author":[{"embeddable":true,"href":"https:\/\/www.socialnesrdcom.sk\/index.php?rest_route=\/wp\/v2\/users\/2"}],"replies":[{"embeddable":true,"href":"https:\/\/www.socialnesrdcom.sk\/index.php?rest_route=%2Fwp%2Fv2%2Fcomments&post=4239"}],"version-history":[{"count":3,"href":"https:\/\/www.socialnesrdcom.sk\/index.php?rest_route=\/wp\/v2\/pages\/4239\/revisions"}],"predecessor-version":[{"id":4245,"href":"https:\/\/www.socialnesrdcom.sk\/index.php?rest_route=\/wp\/v2\/pages\/4239\/revisions\/4245"}],"wp:attachment":[{"href":"https:\/\/www.socialnesrdcom.sk\/index.php?rest_route=%2Fwp%2Fv2%2Fmedia&parent=4239"}],"curies":[{"name":"wp","href":"https:\/\/api.w.org\/{rel}","templated":true}]}}